{"id":175,"date":"2025-12-17T14:56:11","date_gmt":"2025-12-17T14:56:11","guid":{"rendered":"https:\/\/proces.theresaeggersen.dk\/?page_id=175"},"modified":"2025-12-17T14:56:11","modified_gmt":"2025-12-17T14:56:11","slug":"tone-of-voice-tov","status":"publish","type":"page","link":"https:\/\/proces.theresaeggersen.dk\/index.php\/tone-of-voice-tov\/","title":{"rendered":"Tone of voice &#8211; TOV"},"content":{"rendered":"\n<div class=\"wp-block-group alignfull has-background has-global-padding is-layout-constrained wp-container-core-group-is-layout-490fa1db wp-block-group-is-layout-constrained\" style=\"background-color:#c8dcbe;padding-top:var(--wp--preset--spacing--50);padding-right:var(--wp--preset--spacing--50);padding-bottom:var(--wp--preset--spacing--50);padding-left:var(--wp--preset--spacing--50)\">\n<div class=\"wp-block-group has-global-padding is-layout-constrained wp-container-core-group-is-layout-650790e1 wp-block-group-is-layout-constrained\">\n<h1 class=\"wp-block-heading has-text-align-center has-x-large-font-size\">Hello kitty og Heavy Metal<\/h1>\n\n\n\n<div style=\"height:1.25rem\" aria-hidden=\"true\" class=\"wp-block-spacer\"><\/div>\n\n\n\n<p class=\"has-text-align-center\">I denne workshop skulle vi arbejde med tone of voice og vi l\u00e6rte hvordan man kan ops\u00e6tte en.<\/p>\n<\/div>\n\n\n\n<figure class=\"wp-block-image alignwide size-full is-style-rounded is-style-rounded--1\"><img loading=\"lazy\" decoding=\"async\" width=\"1018\" height=\"777\" src=\"https:\/\/proces.theresaeggersen.dk\/wp-content\/uploads\/2025\/12\/hello-kitty.png\" alt=\"\" class=\"wp-image-176\" srcset=\"https:\/\/proces.theresaeggersen.dk\/wp-content\/uploads\/2025\/12\/hello-kitty.png 1018w, https:\/\/proces.theresaeggersen.dk\/wp-content\/uploads\/2025\/12\/hello-kitty-300x229.png 300w, https:\/\/proces.theresaeggersen.dk\/wp-content\/uploads\/2025\/12\/hello-kitty-768x586.png 768w\" sizes=\"auto, (max-width: 1018px) 100vw, 1018px\" \/><\/figure>\n<\/div>\n\n\n\n<div class=\"wp-block-group alignfull has-accent-4-background-color has-background has-global-padding is-layout-constrained wp-container-core-group-is-layout-669513ed wp-block-group-is-layout-constrained\" style=\"margin-top:0;margin-bottom:0;padding-top:var(--wp--preset--spacing--50);padding-right:var(--wp--preset--spacing--50);padding-bottom:var(--wp--preset--spacing--50);padding-left:var(--wp--preset--spacing--50)\">\n<div class=\"wp-block-group is-vertical is-content-justification-center is-layout-flex wp-container-core-group-is-layout-52b864f0 wp-block-group-is-layout-flex\">\n<h2 class=\"wp-block-heading has-text-align-center is-style-default\">Hello Kitty Kicks!<\/h2>\n\n\n\n<div style=\"height:0px\" aria-hidden=\"true\" class=\"wp-block-spacer wp-container-content-4f2ccadb\"><\/div>\n\n\n\n<p class=\"has-text-align-center\">Workshoppen havde en sjov og l\u00e6rerig tone, hvor vi arbejdede med at finde en m\u00e5lgruppe og l\u00e6re, hvordan man rammer m\u00e5lgruppen p\u00e5 den rigtige m\u00e5de.<\/p>\n<\/div>\n\n\n\n<div style=\"margin-top:0;margin-bottom:0;height:var(--wp--preset--spacing--40)\" aria-hidden=\"true\" class=\"wp-block-spacer\"><\/div>\n\n\n\n<div class=\"wp-block-columns alignwide is-layout-flex wp-container-core-columns-is-layout-d0bbbce0 wp-block-columns-is-layout-flex\">\n<div class=\"wp-block-column is-layout-flow wp-container-core-column-is-layout-e3d1c41b wp-block-column-is-layout-flow\">\n<h3 class=\"wp-block-heading has-text-align-left is-style-default has-body-font-family has-medium-font-size\" style=\"font-style:normal;font-weight:600\">Tone<\/h3>\n\n\n\n<p class=\"has-text-align-left\">Tone er essentiel for TOV, da det er den m\u00e5de, vi kommunikerer med folk p\u00e5. Tonen er vigtig for at ramme den rette m\u00e5lgruppe, fordi sprogets tone hj\u00e6lper med at formidle ens budskab og form\u00e5l tydeligt.<\/p>\n<\/div>\n\n\n\n<div class=\"wp-block-column is-layout-flow wp-container-core-column-is-layout-e3d1c41b wp-block-column-is-layout-flow\">\n<h3 class=\"wp-block-heading has-text-align-left is-style-default has-body-font-family has-medium-font-size\" style=\"font-style:normal;font-weight:600\">Sprog<\/h3>\n\n\n\n<p class=\"has-text-align-left\">Sprog er vigtigt i mange sammenh\u00e6nge. Den m\u00e5de, man taler og skriver p\u00e5, kan sige meget om, hvad man vil med sine produkter og sit brand. Det er ogs\u00e5 en god m\u00e5de at skabe kontakt til sin m\u00e5lgruppe p\u00e5.<\/p>\n<\/div>\n<\/div>\n\n\n\n<div style=\"height:var(--wp--preset--spacing--20)\" aria-hidden=\"true\" class=\"wp-block-spacer\"><\/div>\n\n\n\n<div class=\"wp-block-columns alignwide is-layout-flex wp-container-core-columns-is-layout-d0bbbce0 wp-block-columns-is-layout-flex\">\n<div class=\"wp-block-column is-layout-flow wp-container-core-column-is-layout-e3d1c41b wp-block-column-is-layout-flow\">\n<h3 class=\"wp-block-heading has-text-align-left is-style-default has-body-font-family has-medium-font-size\" style=\"font-style:normal;font-weight:600\">Form\u00e5l<\/h3>\n\n\n\n<p class=\"has-text-align-left\">Form\u00e5l er vigtigt, da det handler om at have klare m\u00e5l for, hvad man vil, og hvordan man vil opn\u00e5 det. Form\u00e5let med workshoppen var at l\u00e6re, hvordan man ops\u00e6tter en TOV til en bestemt m\u00e5lgruppe.<\/p>\n<\/div>\n\n\n\n<div class=\"wp-block-column is-layout-flow wp-container-core-column-is-layout-e3d1c41b wp-block-column-is-layout-flow\">\n<h3 class=\"wp-block-heading has-text-align-left is-style-default has-body-font-family has-medium-font-size\" style=\"font-style:normal;font-weight:600\">Persona og moodboard<\/h3>\n\n\n\n<p class=\"has-text-align-left\">Vi arbejdede i Figma, hvor vi lavede en persona, som overordnet repr\u00e6senterer vores m\u00e5lgruppe. Derudover lavede vi et moodboard for at fremh\u00e6ve, hvem vi er, og hvad vores signatur og visuelle stil er.<\/p>\n<\/div>\n<\/div>\n<\/div>\n\n\n\n<div class=\"wp-block-group alignfull has-background has-global-padding is-layout-constrained wp-container-core-group-is-layout-d89aad35 wp-block-group-is-layout-constrained\" style=\"background-color:#c8dcbe;margin-top:0;margin-bottom:0;padding-top:var(--wp--preset--spacing--50);padding-right:var(--wp--preset--spacing--50);padding-bottom:var(--wp--preset--spacing--50);padding-left:var(--wp--preset--spacing--50)\">\n<div class=\"wp-block-group alignwide has-global-padding is-layout-constrained wp-container-core-group-is-layout-19e250f3 wp-block-group-is-layout-constrained\">\n<div class=\"wp-block-group is-vertical is-content-justification-center is-layout-flex wp-container-core-group-is-layout-6329a8f3 wp-block-group-is-layout-flex\">\n<h2 class=\"wp-block-heading has-text-align-center is-style-default\">Refleksion<\/h2>\n\n\n\n<p class=\"has-text-align-center\">Jeg synes, det var en rigtig god workshop. TOV er vigtig for mange, der \u00f8nsker at ramme deres m\u00e5lgruppe korrekt, og jeg synes, det er en vigtig kompetence at kunne ops\u00e6tte en TOV. Arbejdet med TOV var sjovt og en god l\u00e6ringsoplevelse, som jeg kan tage med mig videre. Jeg har l\u00e6rt, hvordan man ops\u00e6tter en TOV, og hvordan man laver research p\u00e5 sin m\u00e5lgruppe.<\/p>\n<\/div>\n\n\n\n<div style=\"height:var(--wp--preset--spacing--40)\" aria-hidden=\"true\" class=\"wp-block-spacer\"><\/div>\n<\/div>\n<\/div>\n","protected":false},"excerpt":{"rendered":"<p>Hello kitty og Heavy Metal I denne workshop skulle vi arbejde med tone of voice og vi l\u00e6rte hvordan man kan ops\u00e6tte en. Hello Kitty Kicks! Workshoppen havde en sjov og l\u00e6rerig tone, hvor vi arbejdede med at finde en m\u00e5lgruppe og l\u00e6re, hvordan man rammer m\u00e5lgruppen p\u00e5 den rigtige m\u00e5de. Tone Tone er essentiel [&hellip;]<\/p>\n","protected":false},"author":1,"featured_media":0,"parent":0,"menu_order":0,"comment_status":"closed","ping_status":"closed","template":"","meta":{"footnotes":""},"class_list":["post-175","page","type-page","status-publish","hentry"],"_links":{"self":[{"href":"https:\/\/proces.theresaeggersen.dk\/index.php\/wp-json\/wp\/v2\/pages\/175","targetHints":{"allow":["GET"]}}],"collection":[{"href":"https:\/\/proces.theresaeggersen.dk\/index.php\/wp-json\/wp\/v2\/pages"}],"about":[{"href":"https:\/\/proces.theresaeggersen.dk\/index.php\/wp-json\/wp\/v2\/types\/page"}],"author":[{"embeddable":true,"href":"https:\/\/proces.theresaeggersen.dk\/index.php\/wp-json\/wp\/v2\/users\/1"}],"replies":[{"embeddable":true,"href":"https:\/\/proces.theresaeggersen.dk\/index.php\/wp-json\/wp\/v2\/comments?post=175"}],"version-history":[{"count":1,"href":"https:\/\/proces.theresaeggersen.dk\/index.php\/wp-json\/wp\/v2\/pages\/175\/revisions"}],"predecessor-version":[{"id":177,"href":"https:\/\/proces.theresaeggersen.dk\/index.php\/wp-json\/wp\/v2\/pages\/175\/revisions\/177"}],"wp:attachment":[{"href":"https:\/\/proces.theresaeggersen.dk\/index.php\/wp-json\/wp\/v2\/media?parent=175"}],"curies":[{"name":"wp","href":"https:\/\/api.w.org\/{rel}","templated":true}]}}