{"id":286,"date":"2026-05-06T22:33:23","date_gmt":"2026-05-06T22:33:23","guid":{"rendered":"https:\/\/proces.theresaeggersen.dk\/?page_id=286"},"modified":"2026-05-06T22:33:23","modified_gmt":"2026-05-06T22:33:23","slug":"redesign-i-figma","status":"publish","type":"page","link":"https:\/\/proces.theresaeggersen.dk\/index.php\/redesign-i-figma\/","title":{"rendered":"Redesign i Figma"},"content":{"rendered":"\n<div class=\"wp-block-group alignfull has-global-padding is-layout-constrained wp-container-core-group-is-layout-4062b888 wp-block-group-is-layout-constrained\" style=\"padding-top:var(--wp--preset--spacing--20);padding-right:var(--wp--preset--spacing--50);padding-bottom:var(--wp--preset--spacing--20);padding-left:var(--wp--preset--spacing--50)\">\n<div class=\"wp-block-group has-global-padding is-layout-constrained wp-container-core-group-is-layout-650790e1 wp-block-group-is-layout-constrained\">\n<h1 class=\"wp-block-heading has-text-align-center has-x-large-font-size\">Figma workshop<\/h1>\n\n\n\n<div style=\"height:1.25rem\" aria-hidden=\"true\" class=\"wp-block-spacer\"><\/div>\n\n\n\n<p class=\"has-text-align-center\">I denne workshop arbejdede vi med at f\u00e5 en bedre forst\u00e5else af Figma og hvordan vi kan arbejde mere effektivt i programmet. Opgaven gik ud p\u00e5 at v\u00e6lge en branche, analysere UI-tendenser og lave forbedringer p\u00e5 en selvvalgt hjemmeside.<\/p>\n\n\n\n<p class=\"has-text-align-center\"><br>Derudover arbejdede vi med at identificere, hvordan layout, farver og typografi p\u00e5virker brugeroplevelsen. Vi brugte vores analyse som grundlag for at komme med konkrete forslag til forbedringer i designet.<\/p>\n\n\n\n<div style=\"height:1.25rem\" aria-hidden=\"true\" class=\"wp-block-spacer\"><\/div>\n<\/div>\n\n\n\n<figure class=\"wp-block-image alignwide size-full is-style-rounded is-style-rounded--1\"><img loading=\"lazy\" decoding=\"async\" width=\"749\" height=\"799\" src=\"https:\/\/proces.theresaeggersen.dk\/wp-content\/uploads\/2026\/05\/Skaermbillede-2026-05-06-223329.png\" alt=\"\" class=\"wp-image-337\" srcset=\"https:\/\/proces.theresaeggersen.dk\/wp-content\/uploads\/2026\/05\/Skaermbillede-2026-05-06-223329.png 749w, https:\/\/proces.theresaeggersen.dk\/wp-content\/uploads\/2026\/05\/Skaermbillede-2026-05-06-223329-281x300.png 281w\" sizes=\"auto, (max-width: 749px) 100vw, 749px\" \/><\/figure>\n<\/div>\n\n\n\n<div class=\"wp-block-group alignfull has-global-padding is-layout-constrained wp-container-core-group-is-layout-ac87450d wp-block-group-is-layout-constrained\" style=\"margin-top:0;margin-bottom:0;padding-top:var(--wp--preset--spacing--20);padding-right:var(--wp--preset--spacing--50);padding-bottom:var(--wp--preset--spacing--20);padding-left:var(--wp--preset--spacing--50)\">\n<div class=\"wp-block-group alignwide has-global-padding is-layout-constrained wp-container-core-group-is-layout-19e250f3 wp-block-group-is-layout-constrained\">\n<div class=\"wp-block-group is-vertical is-content-justification-center is-layout-flex wp-container-core-group-is-layout-6329a8f3 wp-block-group-is-layout-flex\">\n<h2 class=\"wp-block-heading has-text-align-center is-style-default\">Processen<\/h2>\n\n\n\n<p class=\"has-text-align-center\"><br>Jeg blev personligt ikke f\u00e6rdig med mit re-design af den hjemmeside, jeg valgte, men selvom jeg ikke blev f\u00e6rdig, synes jeg stadig, det var en sp\u00e6ndende workshop, som gav mig mulighed for at l\u00e6re Figma lidt bedre at kende og f\u00e5 en bedre id\u00e9 om UI-elementer.<\/p>\n<\/div>\n\n\n\n<div style=\"height:var(--wp--preset--spacing--40)\" aria-hidden=\"true\" class=\"wp-block-spacer\"><\/div>\n\n\n\n<div class=\"wp-block-columns alignwide is-layout-flex wp-container-core-columns-is-layout-d1c656ed wp-block-columns-is-layout-flex\">\n<div class=\"wp-block-column is-vertically-aligned-center is-layout-flow wp-block-column-is-layout-flow\" style=\"flex-basis:40%\">\n<h3 class=\"wp-block-heading is-style-default\">Hjemmeside <\/h3>\n\n\n\n<p>Hjemmesiden, jeg har valgt, hedder \u201cCafe S\u00f8lle\u201d, som er hjemmesiden til caf\u00e9en S\u00f8lle i Odense. Den var i sig selv meget simpel, og der var ingen undersider, da det er en one-page hjemmeside. Der var et billede, et billede af en menu, lidt tekst om \u00e5bningstider og et meget lille Instagram-ikon. Ikke s\u00e6rlig imponerende \u2013 der var i hvert fald plads til forbedringer. <\/p>\n\n\n\n<ul class=\"wp-block-list\">\n<li>Grid-layout (overblik og struktur)<\/li>\n\n\n\n<li>Navigation og kategorier<\/li>\n\n\n\n<li>Call-to-action knapper som <\/li>\n\n\n\n<li>Visuel identitet gennem billeder, farver og typografi<\/li>\n<\/ul>\n<\/div>\n\n\n\n<div class=\"wp-block-column is-layout-flow wp-block-column-is-layout-flow\" style=\"flex-basis:50%\">\n<figure class=\"wp-block-image size-large is-style-rounded is-style-rounded--2\"><img loading=\"lazy\" decoding=\"async\" width=\"1024\" height=\"488\" src=\"https:\/\/proces.theresaeggersen.dk\/wp-content\/uploads\/2026\/05\/Skaermbillede-2026-05-07-001328-1024x488.png\" alt=\"\" class=\"wp-image-338\" srcset=\"https:\/\/proces.theresaeggersen.dk\/wp-content\/uploads\/2026\/05\/Skaermbillede-2026-05-07-001328-1024x488.png 1024w, https:\/\/proces.theresaeggersen.dk\/wp-content\/uploads\/2026\/05\/Skaermbillede-2026-05-07-001328-300x143.png 300w, https:\/\/proces.theresaeggersen.dk\/wp-content\/uploads\/2026\/05\/Skaermbillede-2026-05-07-001328-768x366.png 768w, https:\/\/proces.theresaeggersen.dk\/wp-content\/uploads\/2026\/05\/Skaermbillede-2026-05-07-001328-1536x732.png 1536w, https:\/\/proces.theresaeggersen.dk\/wp-content\/uploads\/2026\/05\/Skaermbillede-2026-05-07-001328.png 1906w\" sizes=\"auto, (max-width: 1024px) 100vw, 1024px\" \/><\/figure>\n<\/div>\n<\/div>\n\n\n\n<div style=\"height:86px\" aria-hidden=\"true\" class=\"wp-block-spacer\"><\/div>\n\n\n\n<div class=\"wp-block-columns alignwide is-layout-flex wp-container-core-columns-is-layout-d1c656ed wp-block-columns-is-layout-flex\">\n<div class=\"wp-block-column is-layout-flow wp-block-column-is-layout-flow\" style=\"flex-basis:50%\">\n<figure class=\"wp-block-image size-large is-style-rounded is-style-rounded--3\"><img loading=\"lazy\" decoding=\"async\" width=\"1024\" height=\"488\" src=\"https:\/\/proces.theresaeggersen.dk\/wp-content\/uploads\/2026\/05\/Skaermbillede-2026-05-07-001418-1024x488.png\" alt=\"\" class=\"wp-image-339\" srcset=\"https:\/\/proces.theresaeggersen.dk\/wp-content\/uploads\/2026\/05\/Skaermbillede-2026-05-07-001418-1024x488.png 1024w, https:\/\/proces.theresaeggersen.dk\/wp-content\/uploads\/2026\/05\/Skaermbillede-2026-05-07-001418-300x143.png 300w, https:\/\/proces.theresaeggersen.dk\/wp-content\/uploads\/2026\/05\/Skaermbillede-2026-05-07-001418-768x366.png 768w, https:\/\/proces.theresaeggersen.dk\/wp-content\/uploads\/2026\/05\/Skaermbillede-2026-05-07-001418-1536x732.png 1536w, https:\/\/proces.theresaeggersen.dk\/wp-content\/uploads\/2026\/05\/Skaermbillede-2026-05-07-001418.png 1900w\" sizes=\"auto, (max-width: 1024px) 100vw, 1024px\" \/><\/figure>\n<\/div>\n\n\n\n<div class=\"wp-block-column is-vertically-aligned-center is-layout-flow wp-block-column-is-layout-flow\" style=\"flex-basis:40%\">\n<h3 class=\"wp-block-heading is-style-default\">Resultat<\/h3>\n\n\n\n<p>Som sagt fik jeg ikke et helt f\u00e6rdigt produkt ud af workshoppen, men jeg fik en bedre forst\u00e5else for, hvor vigtigt call to action, farver og UI-elementer er for en hjemmeside. Det handler b\u00e5de om at g\u00f8re siden brugervenlig, men ogs\u00e5 \u00e6stetisk tiltalende.<\/p>\n\n\n\n<p>Jeg fik ogs\u00e5 en st\u00f8rre forst\u00e5else for, hvordan sm\u00e5 designvalg kan have stor betydning for den samlede brugeroplevelse. Derudover blev jeg mere opm\u00e6rksom p\u00e5, hvordan struktur og hierarki i layoutet kan guide brugeren rundt p\u00e5 siden. Hvis jeg skulle arbejde videre, ville jeg fokusere p\u00e5 at g\u00f8re navigationen mere tydelig og skabe en mere sammenh\u00e6ngende visuel stil.<\/p>\n<\/div>\n<\/div>\n<\/div>\n<\/div>\n\n\n\n<div class=\"wp-block-group alignfull has-global-padding is-layout-constrained wp-container-core-group-is-layout-c7a42c40 wp-block-group-is-layout-constrained\" style=\"margin-top:0;margin-bottom:0;padding-top:var(--wp--preset--spacing--20);padding-right:var(--wp--preset--spacing--50);padding-bottom:var(--wp--preset--spacing--20);padding-left:var(--wp--preset--spacing--50)\">\n<p class=\"has-text-align-center has-large-font-size\">Refleksion <\/p>\n\n\n\n<p>Selvom jeg ikke n\u00e5ede at f\u00e6rdigg\u00f8re opgaven, f\u00f8ler jeg stadig, at jeg fik noget ud af processen. Det gav mig en bedre forst\u00e5else for, hvor vigtig struktur og genkendelige m\u00f8nstre er i webdesign.<\/p>\n\n\n\n<p>Jeg syntes ogs\u00e5, det var motiverende at arbejde med en side som \u201cCafe S\u00f8lle\u201d, fordi det gjorde opgaven mere konkret og lettere at relatere til. Det gjorde det nemmere at engagere sig i analysen og t\u00e6nke i forbedringer.<\/p>\n\n\n\n<p>Jeg har is\u00e6r l\u00e6rt, at man ikke n\u00f8dvendigvis beh\u00f8ver at opfinde noget helt nyt, men at det i h\u00f8j grad handler om at forst\u00e5 og anvende eksisterende patterns rigtigt. Det g\u00e6lder for eksempel grids, navigation og CTA-knapper, som g\u00e5r igen p\u00e5 de fleste websites.<\/p>\n\n\n\n<p>Hvis jeg skulle arbejde videre med opgaven, ville jeg fokusere p\u00e5 at f\u00e6rdigg\u00f8re et konkret redesign, s\u00e5 jeg kunne visualisere mine id\u00e9er og arbejde mere praktisk med UI-design.<\/p>\n<\/div>\n","protected":false},"excerpt":{"rendered":"<p>Figma workshop I denne workshop arbejdede vi med at f\u00e5 en bedre forst\u00e5else af Figma og hvordan vi kan arbejde mere effektivt i programmet. Opgaven gik ud p\u00e5 at v\u00e6lge en branche, analysere UI-tendenser og lave forbedringer p\u00e5 en selvvalgt hjemmeside. Derudover arbejdede vi med at identificere, hvordan layout, farver og typografi p\u00e5virker brugeroplevelsen. Vi [&hellip;]<\/p>\n","protected":false},"author":1,"featured_media":0,"parent":0,"menu_order":0,"comment_status":"closed","ping_status":"closed","template":"","meta":{"footnotes":""},"class_list":["post-286","page","type-page","status-publish","hentry"],"_links":{"self":[{"href":"https:\/\/proces.theresaeggersen.dk\/index.php\/wp-json\/wp\/v2\/pages\/286","targetHints":{"allow":["GET"]}}],"collection":[{"href":"https:\/\/proces.theresaeggersen.dk\/index.php\/wp-json\/wp\/v2\/pages"}],"about":[{"href":"https:\/\/proces.theresaeggersen.dk\/index.php\/wp-json\/wp\/v2\/types\/page"}],"author":[{"embeddable":true,"href":"https:\/\/proces.theresaeggersen.dk\/index.php\/wp-json\/wp\/v2\/users\/1"}],"replies":[{"embeddable":true,"href":"https:\/\/proces.theresaeggersen.dk\/index.php\/wp-json\/wp\/v2\/comments?post=286"}],"version-history":[{"count":1,"href":"https:\/\/proces.theresaeggersen.dk\/index.php\/wp-json\/wp\/v2\/pages\/286\/revisions"}],"predecessor-version":[{"id":340,"href":"https:\/\/proces.theresaeggersen.dk\/index.php\/wp-json\/wp\/v2\/pages\/286\/revisions\/340"}],"wp:attachment":[{"href":"https:\/\/proces.theresaeggersen.dk\/index.php\/wp-json\/wp\/v2\/media?parent=286"}],"curies":[{"name":"wp","href":"https:\/\/api.w.org\/{rel}","templated":true}]}}